{"id":4330,"date":"2019-06-27T12:15:25","date_gmt":"2019-06-27T11:15:25","guid":{"rendered":"https:\/\/aytoanchuelo.com\/?page_id=4330"},"modified":"2019-07-17T11:18:37","modified_gmt":"2019-07-17T10:18:37","slug":"fiestas-y-tradiciones","status":"publish","type":"page","link":"https:\/\/aytoanchuelo.com\/index.php\/fiestas-y-tradiciones\/","title":{"rendered":"Fiestas y tradiciones"},"content":{"rendered":"\n<div class=\"wp-block-themeisle-blocks-advanced-columns has-1-columns has-desktop-equal-layout has-tablet-equal-layout has-mobile-equal-layout has-default-gap has-vertical-unset\" id=\"wp-block-themeisle-blocks-advanced-columns-12d1603d\" style=\"border-width:0px;border-style:solid;border-color:#000000;border-radius:0px;justify-content:unset\"><div class=\"wp-themeisle-block-overlay\" style=\"opacity:0.5;mix-blend-mode:normal\"><\/div><div class=\"innerblocks-wrap\">\n<div class=\"wp-block-themeisle-blocks-advanced-column\" id=\"wp-block-themeisle-blocks-advanced-column-d7af6989\" style=\"border-width:0px;border-style:solid;border-color:#000000;border-radius:0px\">\n<p><strong>San Pedro M\u00e1rtir, patr\u00f3n de Anchuelo,&nbsp;<\/strong>29 de abril; fiestas del 28 de abril al 2 de mayo. Se acompa\u00f1a de actos p\u00fablicos, baile, concursos, toros, etc.<\/p>\n\n\n\n<p><strong>San Isidro Labrador<\/strong>, 15 de mayo. Como corresponde a una poblaci\u00f3n con amplia y noble tradici\u00f3n agraria.<\/p>\n\n\n\n<p><strong>San Crist\u00f3bal<\/strong>. El primer domingo de julio se celebra San Crist\u00f3bal, patr\u00f3n de los conductores, cuya Hermandad est\u00e1 compuesta por conductores de todo tipo de veh\u00edculos; la procesi\u00f3n, de camiones, autobuses, turismos, etc., sale desde la poblaci\u00f3n hasta la ermita, a unos dos kms.<\/p>\n\n\n\n<p><strong>Santa Mar\u00eda Magdalena<\/strong>. El 22 de julio se celebra la festividad, comenzando el d\u00eda anterior, con misa y procesi\u00f3n nocturna.<\/p>\n\n\n\n<p><strong>La Virgen de la Oliva<\/strong> tiene su d\u00eda el 8 de septiembre; su Hermandad est\u00e1 compuesta solo por mujeres. <\/p>\n<\/div>\n<\/div><\/div>\n","protected":false},"excerpt":{"rendered":"","protected":false},"author":1,"featured_media":0,"parent":0,"menu_order":0,"comment_status":"closed","ping_status":"closed","template":"","meta":{"_coblocks_attr":"","_coblocks_dimensions":"","_coblocks_responsive_height":"","_coblocks_accordion_ie_support":"","footnotes":""},"categories":[],"tags":[],"class_list":["post-4330","page","type-page","status-publish","hentry"],"_links":{"self":[{"href":"https:\/\/aytoanchuelo.com\/index.php\/wp-json\/wp\/v2\/pages\/4330","targetHints":{"allow":["GET"]}}],"collection":[{"href":"https:\/\/aytoanchuelo.com\/index.php\/wp-json\/wp\/v2\/pages"}],"about":[{"href":"https:\/\/aytoanchuelo.com\/index.php\/wp-json\/wp\/v2\/types\/page"}],"author":[{"embeddable":true,"href":"https:\/\/aytoanchuelo.com\/index.php\/wp-json\/wp\/v2\/users\/1"}],"replies":[{"embeddable":true,"href":"https:\/\/aytoanchuelo.com\/index.php\/wp-json\/wp\/v2\/comments?post=4330"}],"version-history":[{"count":2,"href":"https:\/\/aytoanchuelo.com\/index.php\/wp-json\/wp\/v2\/pages\/4330\/revisions"}],"predecessor-version":[{"id":4470,"href":"https:\/\/aytoanchuelo.com\/index.php\/wp-json\/wp\/v2\/pages\/4330\/revisions\/4470"}],"wp:attachment":[{"href":"https:\/\/aytoanchuelo.com\/index.php\/wp-json\/wp\/v2\/media?parent=4330"}],"wp:term":[{"taxonomy":"category","embeddable":true,"href":"https:\/\/aytoanchuelo.com\/index.php\/wp-json\/wp\/v2\/categories?post=4330"},{"taxonomy":"post_tag","embeddable":true,"href":"https:\/\/aytoanchuelo.com\/index.php\/wp-json\/wp\/v2\/tags?post=4330"}],"curies":[{"name":"wp","href":"https:\/\/api.w.org\/{rel}","templated":true}]}}

<div class="wp-block-themeisle-blocks-advanced-columns has-1-columns has-desktop-equal-layout has-tablet-equal-layout has-mobile-equal-layout has-default-gap has-vertical-unset" id="wp-block-themeisle-blocks-advanced-columns-12d1603d" style="border-width:0px;border-style:solid;border-color:#000000;border-radius:0px;justify-content:unset"><div class="wp-themeisle-block-overlay" style="opacity:0.5;mix-blend-mode:normal"></div><div class="innerblocks-wrap">
<div class="wp-block-themeisle-blocks-advanced-column" id="wp-block-themeisle-blocks-advanced-column-d7af6989" style="border-width:0px;border-style:solid;border-color:#000000;border-radius:0px">
<p><strong>San Pedro Mártir, patrón de Anchuelo,&nbsp;</strong>29 de abril; fiestas del 28 de abril al 2 de mayo. Se acompaña de actos públicos, baile, concursos, toros, etc.</p>



<p><strong>San Isidro Labrador</strong>, 15 de mayo. Como corresponde a una población con amplia y noble tradición agraria.</p>



<p><strong>San Cristóbal</strong>. El primer domingo de julio se celebra San Cristóbal, patrón de los conductores, cuya Hermandad está compuesta por conductores de todo tipo de vehículos; la procesión, de camiones, autobuses, turismos, etc., sale desde la población hasta la ermita, a unos dos kms.</p>



<p><strong>Santa María Magdalena</strong>. El 22 de julio se celebra la festividad, comenzando el día anterior, con misa y procesión nocturna.</p>



<p><strong>La Virgen de la Oliva</strong> tiene su día el 8 de septiembre; su Hermandad está compuesta solo por mujeres. </p>
</div>
</div></div>
